2. Suppose -m = 3*z - 2*z, -1109 = -3*d - z. What are the prime factors of d?
7, 53
Let c(z) = 31*z + 227*z**2 - 1 - 33*z + 91*z**2. List the prime factors of c(-1).
11, 29
Let c(i) = -i**3 + 6*i**2 - 13*i + 34. Let g be c(5). List the prime factors of (9/g - -3)*(145 - 1).
2, 3
Let p(i) = -4*i**2 - 6*i + 25. Let n be p(11). Let r = n - -905. List the prime factors of r.
2, 5, 19
Suppose 0 = -2*a - i + 15744, -7*a + 11*a - 3*i = 31468. What are the prime factors of a?
2, 5, 787
Suppose 205*f = 123*f + 103*f - 532938. List the prime factors of f.
2, 12689
Let f(z) = -26381*z - 700. What are the prime factors of f(-1)?
61, 421
Let s(u) = -88*u**2 + 106*u - 320. Let o(f) = -29*f**2 + 35*f - 108. Let x(t) = -7*o(t) + 2*s(t). List the prime factors of x(4).
2, 13
Let y(i) = i**3 + 3*i**2 + 5*i + 3. Let a be y(-2). What are the prime factors of ((-13)/(-3) - 4)*a - -50?
7
Let i(t) = t**2 + 14*t - 15. Let l be i(-15). List the prime factors of (65 - l/(-2))/1*2.
2, 5, 13
Suppose -y + 275 = 10*y. Suppose -10*h + 5*h - y = 0, 5*g + 5*h = 4125. List the prime factors of g.
2, 5, 83
Suppose 4*f + t - 16812 - 14654 = 0, -4*f - 4*t + 31472 = 0. List the prime factors of f.
2, 3, 19, 23
Let h(k) = -k**3 + 20*k**2 - 20*k + 27. Let s be h(19). Suppose 0 = s*b + b - 2268. What are the prime factors of b?
2, 3, 7
Suppose 20020 = 2*i - 152*q + 150*q, -3*i + 30028 = -5*q. List the prime factors of i.
3, 47, 71
Suppose -2*n + 4*q = 13 + 1, 5*q - 10 = 0. Let h = 88 - n. List the prime factors of h.
7, 13
Let z be (5 - 0)/(-3 - -4). Suppose 0 = 3*a - z + 35. What are the prime factors of 7821/55 - (-2)/a?
2, 71
Suppose 27955 = -24*d + 29*d. What are the prime factors of d?
5591
Suppose 4028 = 35*g - 431792. What are the prime factors of g?
2, 11, 283
Let i = 15291 + -5362. List the prime factors of i.
9929
Let t = -257 + 370. Let c = t + 67. What are the prime factors of c?
2, 3, 5
Suppose -2*l = -3*l + 4*x + 8950, 2*l + x = 17900. What are the prime factors of l?
2, 5, 179
List the prime factors of ((-8)/((-16)/(-25093)))/(8/(-16)).
23, 1091
Let t(p) = -81*p**3 + p**2 + 5*p + 4. Let v be t(-2). Let x = -14 + v. List the prime factors of x.
2, 79
Let t = -9807 - -18815. List the prime factors of t.
2, 563
Let r(c) = -1. Let w(g) = 249*g**2 - 7*g - 1. Let s(b) = 6*r(b) + w(b). List the prime factors of s(-1).
3, 83
Let g(u) = 9 - 3*u**2 + 7*u - 10 + 4*u**2 - 15. List the prime factors of g(17).
2, 7
Let s(l) = l**3 - 20*l**2 - 108*l + 1097. What are the prime factors of s(27)?
2, 821
Let n = 17772 - -23820. List the prime factors of n.
2, 3, 1733
What are the prime factors of (2 + 2*5793/(-12))/((-18)/108)?
3, 41, 47
Suppose 10*r + 43820 = 3*y, 118*y - 117*y = r + 14602. List the prime factors of y.
2, 5, 73
Suppose -48 = -a - 4*g, 3*a - 5*g - 12 = 81. Suppose 32*x - a*x + 1192 = 0. What are the prime factors of x?
2, 149
Let w(r) = -r**3 + 3*r**2 + 9*r - 11. Let t(c) = 3*c**3 - 2*c**2 - 5*c + 1. Let y be t(2). Let f be w(y). Let p = 77 - f. List the prime factors of p.
13, 17
Let u = 63 - 345. Let x = 628 + u. List the prime factors of x.
2, 173
Let q(o) = -3*o**3 + o**2 - 7*o - 18. Let g be q(-6). List the prime factors of (0 - g/3)*(-7)/28.
59
Let t(z) be the third derivative of -z**4/24 - 2*z**3/3 + 7*z**2. Let q be t(-6). What are the prime factors of 206 + -5 + (q - 0)?
7, 29
Let k = -2 - -29. Let s = 357 - 435. Let v = k - s. List the prime factors of v.
3, 5, 7
Suppose l = 4*u + 163, 49 = -u + 3*l - 0. Let n = -38 - u. Suppose 0*c - 110 = -n*c. What are the prime factors of c?
5, 11
Let p be 0/(5/((-35)/14)). Suppose p = -2*q + 6, -j = 3*j - 5*q - 5509. List the prime factors of j.
1381
Suppose -3*i = 25*p - 24*p - 15, -i = -4*p + 21. Let r(w) = 169*w + 1. List the prime factors of r(p).
5, 7, 29
Let d = 36 + -64. Let u be 2/3 + d/(-12). Suppose -u*w + 135 = -117. List the prime factors of w.
2, 3, 7
Let l(h) = h**3 - 13*h**2 + 13*h + 2. Let f = 81 - 16. Suppose 159*u - 154*u = f. What are the prime factors of l(u)?
3, 19
Let y(f) = f**3 + 7*f**2 - 2*f - 19. Let w be y(-3). Suppose -10*i = -w*i + 5967. What are the prime factors of i?
3, 17
Let n be 7/2 - 3/(-6). List the prime factors of 344 + (20 - n)/4.
2, 3, 29
Let i = 122 - 103. Suppose 3*n + 8*o = 4*o + i, 5 = -o. Suppose -2724 = -n*v - 553. List the prime factors of v.
167
Suppose -22*g + 504 = -26*g. Let b = 313 + g. Suppose 3*r - b = 38. What are the prime factors of r?
3, 5
Let k(j) = 184*j - 1 - 4 + 0*j**2 + 54*j**2 - 175*j. What are the prime factors of k(-3)?
2, 227
What are the prime factors of 8424 - -4 - ((-11)/1 - -18)?
3, 7, 401
Let o(i) = 1348*i**3 + 7*i**2 - 2*i - 6. What are the prime factors of o(4)?
2, 3, 5, 2879
Let s(q) = 29*q**2 + 6*q + 18. Let g be s(8). Suppose -7*d + 776 = 2*t - 4*d, 5*t = -3*d + g. List the prime factors of t.
2, 191
List the prime factors of 6/((-2)/(-128)*16*(-18)/(-12279)).
2, 4093
Let v(l) be the third derivative of -l**6/120 - l**5/15 + l**4/24 - 5*l**3/3 + l**2. What are the prime factors of v(-9)?
2, 193
Suppose -195639 = -3*w + l, -3*w - 3*l = -5*w + 130419. What are the prime factors of w?
2, 3, 3623
Let p be (6 + -3)*(5 - (-12)/(-3)). Suppose 2*r - 17 = 3*r - p*q, 3*r + 31 = 5*q. What are the prime factors of (r + 17)/1*(-1)/(-1)?
3, 5
Let n = -37 - -108. Let o = n + 27. Suppose -8*c + 1842 - o = 0. What are the prime factors of c?
2, 109
Let n(b) be the first derivative of b**5/30 - 7*b**3/6 - 3*b**2 + 31. Let p(h) be the second derivative of n(h). List the prime factors of p(6).
5, 13
Suppose -485265 = -22*v + 509201. List the prime factors of v.
17, 2659
Suppose -29436 + 7225 = -19*k. List the prime factors of (1/1)/((-6)/36) + k.
1163
Let k = -64 + 14. Let p = k + 53. Suppose -p*b - 82 = -5*b. List the prime factors of b.
41
Let s = -46 + 50. Let p be 2/(-5) - 112/20. Let f = s - p. List the prime factors of f.
2, 5
Suppose -f - 1290 = -4*p + 28798, 5*p + 4*f - 37631 = 0. What are the prime factors of p?
7523
Suppose 5*g - 14865 = -r, 33*r + 4*g - 14864 = 32*r. What are the prime factors of r?
2, 5, 743
Suppose 3*v + 275 = -1. Suppose -21*u + 16*u + 5*o - 165 = 0, -3*o - 15 = 0. Let h = u - v. What are the prime factors of h?
2, 3
List the prime factors of (-4)/(-30) + ((-4)/8)/(90/(-1117596)).
7, 887
Let r(m) = -m**3 + 10*m**2 - 7*m - 18. Suppose -5*x + 14 + 51 = 0. Let q = x + -5. What are the prime factors of r(q)?
2, 3
Let o = 107 + -104. List the prime factors of (-660)/(-9)*-72*o/(-15).
2, 3, 11
Suppose -g - 2722 = -p, -2*p + 4931 + 537 = 4*g. What are the prime factors of p?
2, 29, 47
Let k = 100571 - 43788. List the prime factors of k.
56783
Let a(l) = -114*l - 2. Let j = 10 - -28. Let s = j + -39. What are the prime factors of a(s)?
2, 7
Suppose -5*b = 5*t + 30, -17*b - 2*t - 16 = -13*b. List the prime factors of (-4 + (-10)/b)/(-1)*-31.
31
Suppose -10655 = -2*w - 2*q + q, 2*q = 4*w - 21290. Suppose p + w = 5*g - p, 5*g - 5345 = -2*p. What are the prime factors of g?
11, 97
Let u be 58/(-4) - (-1)/2. Let h(j) = 4*j**2 - 5*j - 43. What are the prime factors of h(u)?
811
Let o be 98890/4 + -4 + 1/2. List the prime factors of o/38 + 14 + (-2)/4.
2, 83
Suppose 21*u - 276622 = 52403 - 86055. What are the prime factors of u?
2, 5, 13, 89
Let q(s) = 3*s**2 - s - 16. Let v be q(-9). Let r be (-53 + 1)*(-2 - (-84)/(-16)). Let z = r - v. List the prime factors of z.
3, 47
What are the prime factors of 44/(-154) + (-3 - 129324/(-21)) - 1?
2, 17, 181
Let j(s) = 3*s**2 - 16*s + 10. Let n(y) = -y**2 - 28*y + 34. Let v be n(-29). List the prime factors of j(v).
5
Let h(d) = d**2 + 16*d + 25. Let u be h(-16). Let x(i) = -i**2 + 47*i + 115. What are the prime factors of x(u)?
5, 7, 19
Let w = -214 + -6. Let i = w - -231. List the prime factors of i.
11
Suppose 5*p + 4*j = 57068, 6846 = -3*p - 2*j + 41086. What are the prime factors of p?
2, 3, 317
Suppose 0 = 11*v - 754 - 2051. Suppose 4*z = -11 + v. List the prime factors of z.
61
Let c = 33 - 30. Suppose x = -c, -4*p + 471 = x - 46. Suppose 4*a - 371 = -5*j, 2*j + 4*a - 16 = p. List the prime factors of j.
3, 5
Let c = -7192 + 7924. List the prime factors of c.
2, 3, 61
Let u(g) = g**3 - 12*g**2 + 13*g + 50. Let w(i) = -2*i - 63. Let f(r) = r + 31. Let z(x) = 13*f(x) + 6*w(x). Let h be z(-13). List t